b be (41 - 43)*6/(-4). Let m(a) = -2*a**2 + 10*a + 17*a - 1 - 23*a + 0*a**2. Give m(b).
-7
Suppose -x = -q + 85, 3*q + 0*q - 2*x - 251 = 0. Let k be (-9)/(-15) - q/(-15). Let t(z) = z - 6. Determine t(k).
0
Let g(o) be the third derivative of -o**6/120 - 11*o**5/60 - 3*o**4/8 + 11*o**3/6 + 28*o**2. Calculate g(-10).
1
Let j(w) = 4*w**2 + 4*w - 5. Let q(o) = -5*o**2 - 3*o + 4. Let a(m) = 4*j(m) + 5*q(m). Suppose -29*r + 24*r = -135. Suppose r = 4*g + 31. Calculate a(g).
-10
Let z(o) = 4*o + 3 - 2 - 39*o**2 + 35*o**2 - o**3. Determine z(-4).
-15
Let x = 1 - 2. Let o = 5 + x. Let c(t) = -1220*t + 2*t**2 - 3 + 1226*t - 4*t**2 + 0 + t**2. Calculate c(o).
5
Let o be (-12*1/(-1))/((-1095)/730). Let d(r) = -3*r - 25. Give d(o).
-1
Let w(g) = 4*g + 1. Let y be (-2 - -3)/((-1)/(-2)). Let h be (-10)/45 + y/((-36)/50). What is w(h)?
-11
Let q(h) be the third derivative of -h**6/40 - h**5/60 - h**4/24 - 440*h**2. Determine q(-1).
3
Let d(w) = -2*w. Let a be d(-1). Let i(f) = 7*f + 1. Let q(s) be the second derivative of -s**3 - s**2/2 - 15*s. Let n(l) = 2*i(l) + 3*q(l). Calculate n(a).
-9
Let b(q) = 3*q**3 - 18*q**2 + 6*q - 39. Let t be b(6). Let a(z) = -z**2 - 8*z - 12. What is a(t)?
3
Let p(r) be the first derivative of -r**3/3 - 2*r**2 + 8*r + 83. Determine p(-6).
-4
Let z be (122/366)/(1/21). Let k(u) = -18 - 3*u + 27 + 2*u. Calculate k(z).
2
Let r(c) = c**2 + c - 4. Let i be 870/78 - (-4)/(-26). Let d = i - 5. Suppose d*y - 4 = -28. Calculate r(y).
8
Suppose -15*i = 10 + 20. Let w(t) = -16*t + 2. Calculate w(i).
34
Let i be 0/(0 - (1 - 2)). Suppose 6*t = -i*t + 36. Let d(l) = -l**2 + 5*l + 8. Calculate d(t).
2
Let n(v) = -v**2 + 6*v - 3. Suppose 0 = -2*r - 45 - 19. Let o = 38 + r. Give n(o).
-3
Let j(p) = p**3 + 8*p**2 - p - 3. Let c(x) = -37 + 1 - 35*x + 31*x. Let f be c(-7). Give j(f).
5
Let x(t) = 4*t + 82. Let z(y) = -y**2 + 13*y - 59. Let u be z(5). Determine x(u).
6
Suppose 5*v + 30 = 5. Let s(i) = -i + 7. Let m(f) be the second derivative of f**3/6 - 2*f**2 + 16*f. Let h(t) = -5*m(t) - 3*s(t). Determine h(v).
9
Let t(g) be the second derivative of g**3/3 + g**2/2 - 37*g. Determine t(-4).
-7
Let k = -300 - -299. Let h(n) = 30*n**2 + 2*n + 1. What is h(k)?
29
Let z(h) be the first derivative of h**7/840 + h**6/90 - h**5/24 - h**4/24 + h**3/3 + 33*h**2/2 - 15. Let c(u) be the third derivative of z(u). Determine c(-4).
19
Let x = -38 - -44. Let p(n) = -8*n + 9 - 3 - x. What is p(-1)?
8
Let b(s) be the first derivative of s**4/4 + 4*s**3/3 + 7. Let h(z) = -4*z + 4. Suppose 3*i = 5*i - 4. Let c be h(i). Give b(c).
0
Let f(s) = s + 7. Suppose -7*g + 24 = g. Let w(z) = z - 9. Let d be w(g). Calculate f(d).
1
Let x(i) be the third derivative of -i**4/6 - i**3/2 - 8*i**2 - 3. What is x(7)?
-31
Let a(s) = -4 - 4 + 4 - s + s**2. Let f = -198 + 195. Let w be -7 + 133/21 - 14/f. Calculate a(w).
8
Let y = 220 - 219. Let o(q) be the first derivative of -2*q**3 + q**2/2 - q - 1. Calculate o(y).
-6
Let z = -280 - -283. Let s(p) = -3*p**2 + 6*p + 9. Let f(k) = -2*k**2 + 4*k + 6. Let d(y) = -8*f(y) + 5*s(y). What is d(z)?
0
Let x = -2677 - -2680. Let p(n) be the first derivative of -n**4/4 + n**3 + 4*n - 2. What is p(x)?
4
Let b = -47 - -50. Let p(u) = u**b + 9*u + 1541 - 1536 - u - 9*u**2. Give p(8).
5
Let g(p) be the second derivative of -p**3 + p**2/2 - 4*p + 2. Give g(3).
-17
Let w be (-1)/2*(-1 + 9). Let g(m) be the second derivative of m**5/60 + m**4/8 - m**2/2 + 19*m. Let f(p) be the first derivative of g(p). Calculate f(w).
4
Let v(u) = u + 1. Suppose 28 = -6*k + 58. Let n(z) be the second derivative of z**3 + z**2/2 + 3*z. Let m(x) = k*v(x) - n(x). Calculate m(-6).
10
Let d(m) be the third derivative of 1/12*m**4 + 10*m**2 + 0 + 0*m**3 + 0*m. Give d(4).
8
Suppose 2*m = 7*m - 4*k - 60, -2*m - 3*k = -24. Let h = m - 9. Suppose 0*r = h*r. Let o(l) = l - 8. What is o(r)?
-8
Let q(t) = -9*t**2 + 7. Let r(n) = -34*n**2 - 2*n + 28. Let w(x) = -23*q(x) + 6*r(x). Determine w(5).
22
Let u be (0 - 0/(-4))/(12 - 6). Let h(a) = a**3 + a**2 + 2*a + 5. What is h(u)?
5
Let u(x) = -x**3 + 6*x**2 + 5*x + 13. Let q be u(7). Let n(b) = 2*b - 5. Let s(l) = -1. Let o(m) = q*n(m) + 6*s(m). Determine o(6).
-13
Suppose 0 = f - 5*f + 16. Let x(b) = -1 + 0*b + b + 4*b**2 - 470*b**3 + 469*b**3. Calculate x(f).
3
Let v(p) = -5*p**3 + 4*p**2 + 4*p - 9. Let u(f) = -f**3 + f**2 + f - 1. Let l(j) = -6*u(j) + v(j). Determine l(3).
0
Let d(p) = p**3 + 30*p**2 + 55*p - 25. Let x be d(-28). Let a(o) = o**3 - o**2 - o + 1. Calculate a(x).
16
Let v(l) be the first derivative of -1/2*l**3 + 0*l + 7 - 5/24*l**4 + 5/2*l**2 - 1/30*l**5. Let d(q) be the second derivative of v(q). Give d(-4).
-15
Let a(r) be the second derivative of -3*r**5/20 + r**2/2 + 3*r - 22. What is a(-1)?
4
Let g(f) = 2*f - 4 + 1445*f**2 - 1444*f**2 - 2*f - 4*f. Calculate g(5).
1
Let v(b) be the third derivative of -b**4/4 + 2*b**3/3 - 22*b**2 - 12*b. Determine v(2).
-8
Suppose 0 = -4*c - p + 17, c + p - 5 = -0. Let h(m) be the third derivative of -3/2*m**3 - 3*m**2 + 1/12*m**c + 0 + 0*m. Calculate h(6).
3
Let b(r) = -r - 17. Suppose -u = 2, -3*p + 6*u - 65 = 4*u. Determine b(p).
6
Let z(d) be the third derivative of d**3 + 0*d + 9*d**2 - 1/60*d**5 - 1/24*d**4 + 0. What is z(0)?
6
Let j(y) = 0*y - 1045*y**2 - y + 1046*y**2. Determine j(0).
0
Let j(d) = d**2 + 15*d + 26. Let o be j(-13). Let b(n) = 4*n - 6*n - 1 + o*n + 3. Determine b(-4).
10
Let s(c) = 3*c**2 + 7*c - 4. Let k(i) = -2*i**2 - 6*i + 3. Let f(u) = 4*k(u) + 3*s(u). Calculate f(4).
4
Let r(b) = -5*b**3 - 13*b**2 - 2*b - 5. Let m(f) = -6*f**3 - 16*f**2 - 2*f - 6. Let w(k) = -4*m(k) + 5*r(k). Give w(-1).
1
Let x(o) be the first derivative of o**4/4 - 5*o**3/3 + 5*o - 43. What is x(5)?
5
Let p(n) be the second derivative of n**5/20 + n**4/3 - n**3/3 - n**2 - 35*n + 2. Let y = -9 - -6. Give p(y).
13
Let r(i) = i**2 - 13*i + 9. Suppose 0 = 6*a - 192 + 120. Give r(a).
-3
Let h(k) = k + 3. Suppose -12 = 5*m - s, -5*m = -5*s + 8 + 12. Give h(m).
1
Let l(v) be the first derivative of -v**3/3 - 2*v**2 + 225. Give l(-6).
-12
Let n(a) = -a**2 - a**2 - a - 1 + a**2. Suppose -3*l + 5*j + 4 = -12, -3*l + 3*j + 12 = 0. Let x be (0/(l - -2))/2 - 3. Determine n(x).
-7
Let u be 38/76 + (3/2 - -1). Let v(t) be the second derivative of 2*t**3/3 - 2*t**2 + 13*t. Calculate v(u).
8
Let p(z) = -4*z**3 - 2*z**2 + 4*z - 3. Suppose -2*j = 3*h + 7, -j + 4 = -2*h - 3. Give p(j).
-5
Let n(c) = c - 10. Suppose -15 = -2*d + m - 2*m, 3*m - 5 = -2*d. What is n(d)?
0
Let v(i) = 25*i**3 + i + 1. Let n be (375/45 + -8)/(2/(-6)). Give v(n).
-25
Let b(s) = -6*s**3 + 15 - 17 + 7*s**3 - 3*s**2. Let c be 14 + -8 + 1*-3. Determine b(c).
-2
Suppose 22*a = 20*a + 8. Let c(g) be the second derivative of 3*g**2 - 1/20*g**5 - 4*g + 0 + 5/12*g**a - 1/6*g**3. Calculate c(5).
1
Let l(z) = z**2 + z + 2. Let h(m) = -7*m + 63. Let t be h(19). Let g be ((-84)/t)/((-6)/(-20)) + -6. Determine l(g).
4
Let b(z) = z**2 + 4*z + 1. Suppose -p + c + 7 = -9, -2*c + 48 = 2*p. Suppose 3*v + 16 = -p. Let f be (-6)/5*(-40)/v. Give b(f).
1
Let l(w) = w**2 - 4*w + 8. Let t be l(3). Let j(n) = 2 - 3*n + n - t + 1. Determine j(-8).
14
Let s(x) = 2*x + 28. Let l be s(-13). Let c(b) = 3*b**2 + 8*b**2 - 5 + b**2 - 11*b**l + 4*b. Let d(w) = w**2 - 10*w + 11. Let h be d(8). Calculate c(h).
0
Let a(x) = x + 2. Let t(v) = v**2 + 3*v + 5. Let g = -13 - -12. Let l be (g - 1)*(-9)/6. Let m(y) = l*t(y) - 8*a(y). Give m(1).
3
Let z(c) = -c**2 - 6*c - 9. Let r(w) = 14 + 20*w - 2*w + 2*w**2 - 6*w + 5. Let p(b) = -6*r(b) - 13*z(b). Suppose -24 = 2*l + 2*l. Give p(l).
3
Let w(x) = -2*x**2 + 7*x - 4. Let a(f) = 24*f - 68. Let i be a(3). Give w(i).
-8
Let n(a) = -3*a - 31. Suppose -570 = 73*g - 16*g. What is n(g)?
-1
Let d(u) = u**3 - u**2 - u + 1. Let i(h) = -h - 1. Let v be i(0). Let q(z) = 2*z. Let c be q(v). Calculate d(c).
-9
Let b(f) = -f**3 + 7*f**2 - 5*f - 5. Let k = -15 + 18. Suppose 0 = -3*n - k*v + 30, 10 = -3*n + 2*v + 3*v. Determine b(n).
20
Let o(t) be the first derivative of t**4/4 + 4*t**3/3 + 2*t**2 - 2*t + 127. Give o(-4).
-18
Let t(x) = 15*x**3 - 9*x**2 + 7*x + 7. Let s(n) = -7*n**3 + 4*n**2 - 3*n - 3. Let v(f) = -13*s(f) - 6*t(f). Suppose -3*b + 15 = -8*b. Calculate v(b).
-3
Let h(w) = -72*w**2 + 30*w + 15. Let m(u) = 13*u**2 - 6